f 12093 and h?
87
Let b be (30/(-20) + 5)*138. What is the highest common factor of 897 and b?
69
Let z(k) = 4*k**2 + 18*k + 53. Let j be -4 - 0/(-6)*-1. Let s be z(j). Calculate the greatest common divisor of s and 60.
15
Let b = -112 - -4272. Calculate the greatest common factor of 80 and b.
80
Suppose -18*n - 101 = -2*h - 19*n, 5*n - 25 = 0. Suppose 7*i - 5*i = 240. Calculate the highest common divisor of i and h.
24
Let b be ((-24)/(-15))/((-192)/(-7440)). What is the highest common factor of 2325 and b?
31
Suppose 0 = -54*r + 55*r - 15. Suppose t - 1203 = -5*o, 3*o = 2*o - t + 243. Calculate the highest common factor of o and r.
15
Let x = -252 + 126. Let g = x + 649. Suppose -2*z = 3*r - g, 0*r + 2*z = 5*r - 845. Calculate the greatest common divisor of r and 9.
9
Let x be 643 + -3*50/(-30). Let a = x + -646. What is the greatest common divisor of 6 and a?
2
Let d(r) = 262 - r - 359 - 38*r. Let f be d(-16). Calculate the highest common factor of f and 17.
17
Suppose -13*k + 4*k + 4*i = -1398, -5*i + 139 = k. What is the highest common factor of 1925 and k?
77
Let o be (-36)/(-8)*(-4 + 100/15). What is the highest common factor of 784 and o?
4
Let l = -44 + 56. Let r(f) = 5*f - 26. Let a be r(l). Calculate the greatest common factor of a and 238.
34
Suppose -4805 = 158*g - 34305 - 4628. Calculate the greatest common divisor of 8 and g.
8
Suppose 112*f = 4602 + 16566. What is the greatest common divisor of f and 297?
27
Let v be 5/15*17952/11. What is the highest common divisor of 153 and v?
17
Let x(m) = 109*m**2 - 12*m + 6. Let d(o) = -326*o**2 + 34*o - 18. Let n(v) = -6*d(v) - 17*x(v). Let k be n(2). What is the highest common factor of k and 22?
22
Suppose 0 = 4*w - 4*g - 84, 4*w = 3*g + 15 + 72. Let a be 1 - (-21 - w/(-6)). Suppose 4*c - 41 = -17. Calculate the highest common factor of c and a.
6
Let i be (21/(-9))/((-2)/(-312)). Let k = i - -796. What is the greatest common divisor of k and 27?
27
Let n be (6/4)/((-21)/(-56)). Suppose 10*t + n*x = 14*t - 44, 0 = -t + 3*x + 7. What is the greatest common factor of t and 247?
13
Suppose 532*i = 538*i - 12. Suppose i*a + 213 = 8*x - 7*x, -2*a + 229 = x. What is the highest common divisor of 26 and x?
13
Let o(y) = 134*y + 63. Let l be o(-4). Let r = l - -488. What is the greatest common divisor of 12 and r?
3
Let s(u) = 171*u**2 + 9*u + 8. Let r be s(-1). Let t = 68 - -34. Calculate the greatest common divisor of t and r.
34
Let r(l) = 2*l**2 + 340*l + 3908. Let g be r(-12). Calculate the highest common divisor of 18908 and g.
116
Let z(n) = 12*n - 27. Let f be z(4). Suppose -f*t - 1993 + 13711 = 0. Calculate the highest common divisor of 18 and t.
18
Suppose 4*l - 3*o = 9773 - 1200, 5 = o. What is the greatest common factor of l and 76?
19
Suppose -2*n + 5*h + 1442 + 461 = 0, -4*n = 2*h - 3818. What is the highest common factor of n and 530?
106
Suppose 12 = 4*g, -3*g - 111 = 13*s - 14*s. Calculate the greatest common factor of s and 2670.
30
Let d(x) = -x**3 + 5*x**2 + 2*x - 6. Suppose -84 = -2*u - 90. Let q be d(u). What is the highest common divisor of q and 48?
12
Let j = -11189 - -11217. Calculate the greatest common divisor of 6902 and j.
14
Suppose 0 = 2*w + 2*n, -w = 2*w - n - 8. Let r be 7 + -10 - (w + -53)*2. Let b = -16 - -27. What is the greatest common factor of b and r?
11
Let o be 102 + 5/(-1) + 2 + -1. Let w = o - 33. Calculate the greatest common factor of w and 52.
13
Let d = 8 + 34. Let l(c) = 138*c + 2*c**2 - c**3 - 139*c - 7*c**2. Let n be l(-7). Calculate the greatest common divisor of d and n.
21
Suppose 4*o - 24 = 0, 4*h - 23342 = -5*o + 13296. What is the greatest common factor of h and 64?
64
Let g be -4 + 9 + 599 - (-16)/2. Calculate the highest common divisor of 68 and g.
68
Suppose -13 + 6 = m - 3*z, -1 = -m + z. Suppose 3*r + 11 = h + 2*r, r + 39 = m*h. What is the highest common divisor of h and 175?
7
Let u(t) = t + 11. Let a(k) = -7*k**2 + k. Let n be a(1). Let z be u(n). Suppose -2280 = 1059*h - 1116*h. Calculate the greatest common factor of h and z.
5
Let x = -946 - -3762. Calculate the highest common divisor of 88 and x.
88
Let c(s) = 2*s**2 + 23*s - 197. Let w be c(7). Let n = 372 - 155. What is the greatest common factor of n and w?
31
Suppose -3*u + 21141 = 4*s, 5*s = 2*s + 3*u + 15882. Calculate the greatest common divisor of 344 and s.
43
Suppose 11*r - 21 = 10*r. Suppose 2*b = -3 - 21. Let j be 24*(-7)/3*b/8. What is the highest common divisor of r and j?
21
Let w(a) = -50*a - 59. Let r be w(-3). Let h = r - 51. What is the greatest common divisor of 280 and h?
40
Suppose -4*n + 3*s + 2 = -4, -1 = 3*n - 5*s. Suppose -35 = -c + r, -c + 13 + 22 = -n*r. What is the highest common divisor of 105 and c?
35
Let m = -265 - -277. Let y = -28 - -51. Suppose -4*o + 1 + y = 0. Calculate the highest common divisor of m and o.
6
Suppose -a + 17 = -n, -30 = -n + 3*n - 3*a. Let b be (n/4)/((-51)/16 + 3). Calculate the greatest common factor of b and 21.
7
Suppose r = 2*r - 91. Suppose 93 + r = 8*t. Let v = t - -49. What is the highest common factor of v and 8?
8
Let x(f) = -4*f - 9. Let s(j) = -5*j - 8. Let o(c) = 6*s(c) - 7*x(c). Let a be o(6). Suppose 5 = -a*l + 65. What is the highest common factor of l and 8?
4
Let d be 1686/(-3934) + (3140/28)/5. Let n(i) = 2*i**2 + i + 1. Let s be n(-1). Calculate the greatest common factor of d and s.
2
Suppose -336 = -3*u + u. Let k = u - -32. Suppose -14*b = -10*b - k. Calculate the greatest common factor of b and 20.
10
Let y(r) = r**3 - 1. Let v(p) = -2*p**3 - 2*p**2 - 27. Let d(m) = v(m) + y(m). Let g be d(0). Let a = g + 61. What is the highest common divisor of a and 11?
11
Suppose 3*n = -n + 68. Let v be (-8)/(-10)*(90 + -95) - (-1 + -4). What is the highest common divisor of v and n?
1
Let o = -235 + 267. Calculate the highest common divisor of o and 344.
8
Suppose -11*w - 1596 = -144*w. Calculate the highest common divisor of 2148 and w.
12
Suppose -10*q - 1247 = -28*q - 25*q. What is the highest common factor of 3625 and q?
29
Suppose 0 = -3*f + 2*x - 353, f + x = 13 - 139. Let w be (5 - 6)/(1/f) + -1. Let y(o) = 15*o. Let h be y(1). Calculate the greatest common divisor of h and w.
15
Suppose -1 - 9 = 5*l. Let d be 9850/25 + (l - 0). Let t(a) = 6*a**2 - 3*a + 4. Let n be t(3). Calculate the highest common factor of n and d.
49
Let l be (-5)/70*-1682 + 5/(-35). Calculate the greatest common factor of 264 and l.
24
Suppose -2*s = -k - 15, 5 = 3*k + 2*k. Suppose 2*l + 2*l + 28 = 0. Let t(h) = h**2 - h + 8. Let x be t(l). Calculate the greatest common factor of s and x.
8
Suppose -33838 = -31*h + 24814. What is the greatest common divisor of 11 and h?
11
Suppose 22*g = 24*g + 14. Let r be 3 + g - (-34 - 2). Calculate the highest common divisor of 112 and r.
16
Suppose 3*l - 27*l + 6521 = -7495. What is the greatest common factor of 5986 and l?
146
Let d(f) = 5*f. Let n be d(-1). Let g be -1 - -11*(0 - n). Suppose k + 9*s = 8*s + 38, -188 = -5*k - 4*s. What is the highest common factor of g and k?
18
Let t be 2130 + 0 - (27 + -18). Calculate the highest common factor of 21 and t.
21
Suppose 174*m - 173*m = 1836 + 4836. Calculate the highest common factor of m and 16.
16
Suppose 2*y + 18 = 2*w, -4*w + 9*w = -3*y - 43. Let i = y + 15. Let l(s) = 23*s + 16. Let k be l(0). Calculate the highest common divisor of k and i.
4
Let j(z) = -25*z**3 + 7*z**2 + 6*z + 56. Let i be j(-4). Calculate the highest common factor of 16 and i.
16
Let m be -3 - (-27 - -10) - -121. Calculate the highest common divisor of m and 2160.
135
Let m(p) = p**3 - 16*p**2 - 24*p + 31. Suppose -15 = 5*a - 105. Let r be m(a). What is the greatest common factor of 19 and r?
19
Let u(o) = 56*o + 22. Let r be (-33 - -35)/((-12)/7 + 2). Let b be u(r). What is the greatest common divisor of 18 and b?
18
Suppose 0 = -116*r - 240*r + 115344. What is the highest common factor of 24 and r?
12
Let y(h) = -h - 3. Let c be y(-5). Suppose c = -4*f + 134. Let r = 49 - f. Calculate the greatest common divisor of 128 and r.
16
Let z(d) = 5*d**2 - 13*d + 59. Let b be z(4). What is the greatest common divisor of b and 1189?
29
Suppose 606 = 15*l - 1184 - 1570. Calculate the greatest common factor of l and 700.
28
Suppose -3*n - 4*x + 28 = 0, -4*n + x + 3*x =